
-f
In base 12, what is -1 - 4267?
-4268
In base 5, what is 2 + 24?
31
In base 3, what is 11 + 221?
1002
In base 10, what is 4 - 834?
-830
In base 2, what is 10 - -1001001101?
1001001111
In base 10, what is -3388 + 5?
-3383
In base 9, what is -232 - -51?
-171
In base 13, what is 48a0 + 2?
48a2
In base 12, what is -477 - -6?
-471
In base 10, what is 1 - -43?
44
In base 5, what is -1014 + 1?
-1013
In base 2, what is -11 - -10100?
10001
In base 15, what is a - -13?
1d
In base 6, what is -2240 + 1?
-2235
In base 12, what is -8 - -294?
288
In base 7, what is 311 + -121?
160
In base 5, what is -14 - 10323?
-10342
In base 5, what is 1000210 + 0?
1000210
In base 6, what is 0 - -132?
132
In base 13, what is 2 - 63?
-61
In base 8, what is 0 - -64?
64
In base 3, what is -11 + 1222022?
1222011
In base 3, what is -12 - -212?
200
In base 2, what is -101 + -1011?
-10000
In base 14, what is 428 - 2?
426
In base 15, what is 1b3 + -2?
1b1
In base 3, what is -201111010 + 12?
-201110221
In base 7, what is -2425 - 21?
-2446
In base 16, what is 4b + -1?
4a
In base 7, what is -3 + -530?
-533
In base 15, what is -4 + -34?
-38
In base 6, what is -4215 - -4?
-4211
In base 5, what is 140 + -110?
30
In base 16, what is -4 - -1a?
16
In base 16, what is 3 - 352?
-34f
In base 6, what is -224 - -2?
-222
In base 4, what is -3 - 20133?
-20202
In base 13, what is 28aa - -5?
28b2
In base 16, what is 4 + -1b?
-17
In base 10, what is 4 - 83?
-79
In base 13, what is c - 78?
-69
In base 12, what is 2 - 8b3?
-8b1
In base 4, what is 221221 - 3?
221212
In base 5, what is 40 + -11?
24
In base 4, what is -10 - 2012?
-2022
In base 13, what is -43 - 0?
-43
In base 12, what is -1371 + -4?
-1375
In base 11, what is 15 - 14?
1
In base 5, what is 130 - 20?
110
In base 8, what is 7 - 104?
-75
In base 10, what is 5 + -57?
-52
In base 5, what is 4 - -120?
124
In base 3, what is 10 + 1011?
1021
In base 10, what is 5 - -1006?
1011
In base 12, what is -1 + 4?
3
In base 12, what is -302 + 2?
-300
In base 13, what is -1 - 34?
-35
In base 16, what is -5 + 1df?
1da
In base 11, what is -21 - -1?
-20
In base 10, what is -298 + -16?
-314
In base 13, what is 0 - -22?
22
In base 5, what is 32 - 11420?
-11333
In base 10, what is -5 - 9?
-14
In base 15, what is 3 - -53?
56
In base 8, what is 13 + -1214?
-1201
In base 12, what is 3 + -1a?
-17
In base 15, what is -3 - -81?
7d
In base 9, what is -2 - 257?
-260
In base 2, what is 0 - -10101110?
10101110
In base 8, what is -42 + 16?
-24
In base 13, what is -1 - -49?
48
In base 14, what is -a - 1c3?
-1cd
In base 6, what is -10052 + 3?
-10045
In base 9, what is 10 + 21?
31
In base 4, what is -303122 - -11?
-303111
In base 11, what is 4 + 1068?
1071
In base 6, what is -15 + 0?
-15
In base 5, what is -103022 - 10?
-103032
In base 9, what is -1 + 36?
35
In base 13, what is -3073 - -1?
-3072
In base 6, what is 40 - -54?
134
In base 11, what is 5 + 43?
48
In base 2, what is -100000000 - -11101?
-11100011
In base 3, what is 22001222 + -2?
22001220
In base 3, what is -11 + 2121000?
2120212
In base 15, what is -a0 - -2?
-9d
In base 12, what is -7 - 1156?
-1161
In base 12, what is 16 + 1b?
35
In base 9, what is 20 - 63?
-43
In base 9, what is 0 - 154?
-154
In base 15, what is -3e - -7?
-37
In base 5, what is 4331 + 2?
4333
In base 6, what is 1 - -334?
335
In base 12, what is -3 + 4a75?
4a72
In base 12, what is 4 + 92b?
933
In base 3, what is 100122010 + -12?
100121221
In base 11, what is -45 + -8?
-52
In base 7, what is 164 - 31?
133
In base 6, what is 5 + 341?
350
In base 4, what is -211 + -100?
-311
In base 11, what is -34 - -9?
-26
In base 2, what is -101 + 11?
-10
In base 2, what is 101 + -1101?
-1000
In base 5, what is 224 - 1?
223
In base 2, what is 111101 - -1110110?
10110011
In base 10, what is 4 - 1343?
-1339
In base 15, what is 14c + 3?
150
In base 5, what is 4 + -21?
-12
In base 11, what is 5 - 2?
3
In base 3, what is 102021 - 20?
102001
In base 10, what is 165 + -28?
137
In base 10, what is -3 + -1155?
-1158
In base 6, what is -154504 - -5?
-154455
In base 10, what is 1069 - -5?
1074
In base 13, what is -1639 + -3?
-163c
In base 7, what is 5 + 463?
501
In base 14, what is -15 - -b?
-8
In base 7, what is -16 + 305?
256
In base 12, what is -8a - -4?
-86
In base 8, what is -246 - -5?
-241
In base 13, what is a + -3a7?
-39a
In base 5, what is -10 - -2111?
2101
In base 7, what is 2210 - -3?
2213
In base 4, what is -1100 + -10?
-1110
In base 14, what is -45 - 5?
-4a
In base 16, what is 154 - 2?
152
In base 6, what is 140244 + 0?
140244
In base 4, what is 10 - 103?
-33
In base 13, what is 10b + 7?
115
In base 14, what is 5 - -15d?
164
In base 13, what is -3b65 + 0?
-3b65
In base 4, what is -2 + 112022?
112020
In base 3, what is 101101022 - 0?
101101022
In base 10, what is -141 - 2?
-143
In base 10, what is 2 - -315?
317
In base 4, what is 2 + -322?
-320
In base 6, what is 4 + 12355?
12403
In base 11, what is 3 + 12?
15
In base 14, what is 3 - -1173?
1176
In base 2, what is 1100110000 - -100?
1100110100
In base 3, what is 2020 + 2?
2022
In base 7, what is -623 + 0?
-623
In base 15, what is 7 - 2?
5
In base 4, what is 10233013 - 10?
10233003
In base 12, what is -12 - -28?
16
In base 12, what is 9 + 16?
23
In base 14, what is 2 + -1b?
-19
In base 9, what is 485 + 0?
485
In base 16, what is -11 - 0?
-11
In base 15, what is 51 + -6?
4a
In base 6, what is -2 + -10024?
-10030
In base 3, what is 1100002 - -10?
1100012
In base 16, what is 0 + 3a?
3a
In base 15, what is 4 + -1cd?
-1c9
In base 11, what is -1a87 - 0?
-1a87
In base 12, what is -5 + 73?
6a
In base 6, what is 4 + -130?
-122
In base 11, what is 4494 + 3?
4497
In base 16, what is 1d + -b?
12
In base 5, what is -10 - -101?
41
In base 5, what is -201 - 223?
-424
In base 6, what is 1 + -201?
-200
In base 12, what is 2b01 - -3?
2b04
In base 15, what is 9 + -7d?
-74
In base 7, what is -32460 - 2?
-32462
In base 12, what is -36 + 4?
-32
In base 9, what is 13341 + 3?
13344
In base 11, what is 1606 + -5?
1601
In base 5, what is 1 - 143?
-142
In base 14, what is 4a + -5?
45
In base 6, what is 31 - 3?
24
In base 11, what is 3 - 86?
-83
In base 4, what is -13310 + -131?
-20101
In base 3, what is -10 + -2122221?
-2200001
In base 12, what is -11 - -93?
82
In base 16, what is 3 - 279?
-276
In base 9, what is -134 - 23?
-157
In base 5, what is -13202 - 10?
-13212
In base 13, what is 0 - 9a4?
-9a4
In base 10, what is 117 + 37?
154
In base 11, what is 6a + 1?
70
In base 8, what is 1511 - -3?
1514
In base 11, what is -2078 + -8?
-2085
In base 16, what is 36 + 1?
37
In base 16, what is -1036 + 7?
-102f
In base 11, what is 424 + 2?
426
In base 16, what is -239 - 3?
-23c
In base 13, what is 738 + 3?
73b
In base 9, what is 5077 - -1?
5078
In base 3, what is -1 - -11210?
11202
In base 12, what is 0 + -8b?
-8b
In base 2, what is -10001 + -101010?
-111011
In base 11, what is -7 + 937?
930
In base 3, what is 22210012 - -1?
22210020
In base 6, what is -254 + 34?
-220
In base 4, what is -12 + 12?
0
In base 5, what is -10 - -10230?
10220
In base 3, what is 100221102 - 10?
100221022
In base 6, what is -102 - 111?
-213
In base 7, what is 1124 - 0?
1124
In base 11, what is 5 + -44?
-3a
In base 12, what is 4 - -8a?
92
In base 3, what is 2002002220 - 10?
2002002210
In base 13, what is -1a61 + 1?
-1a60
In base 14, what is -30 - 23?
-53
In base 9, what is 7 - 137?
-130
In base 11, what is 59 - -3?
61
In base 12, what is 35 + -171?
-138
In base 3, what is -102210 + 102?
-102101
In base 14, what is -16 - 2?
-18
In base 3, what is 1 - 11200?
-11122
In base 15, what is 2 + -33e?
-33c
In base 2, what is -10110100 - -10?
-10110010
In base 16, what is 4 - 63?
-5f
In base 12, what is -2a + 128?
ba
In base 5, what is 2023 - 10?
2013
In base 6, what is -2100 + 111?
-1545
In base 8, what is -3 - -4735?
4732
In base 16, what is -46 - -4?
-42
In base 7, what is 31361 + -3?
31355
In base 13, what is 2 - -69?
6b
In base 8, what is 2120 + -4?
2114
In base 10, what is 425 + 2?
427
In base 6, what is 5 + -2523?
-2514
In base 15, what is 3aa + -5?
3a5
In base 12, what is -a - -47?
39
In base 12, what is -3 + -15?
-18
In base 6, what is 3 + 302?
305
In base 13, what is 8ab - -3?
8b1
In base 15, what is -2d5 - 4?
-2d9
In base 3, what is 1 - -221101?
221102
In base 9, what